 -85*g - 11385. Give z(-134).
5
Let m(j) = 2*j**3 + 19*j**2 - 35*j - 392. Determine m(-9).
4
Let m(g) = -12*g**2 + 8*g - 2. Give m(1).
-6
Let i(k) = k**3 - 22*k**2 + 16*k + 98. Determine i(21).
-7
Let v(a) = 13*a**3 - 2*a**2 - 8*a - 24. What is v(-3)?
-369
Let b(i) = -8*i**2 - 943*i + 43. Give b(-118).
-75
Let f(i) = -i**2 + 62*i - 913. Calculate f(24).
-1
Let q(l) = -l**3 - 4357*l - 13080. Give q(-3).
18
Let o(g) = 4*g + 3. Determine o(7).
31
Let o(q) = -492*q - 18683. Give o(-38).
13
Let z(c) = -3042*c + 15232. What is z(5)?
22
Let g(c) = 244*c - 9513. What is g(39)?
3
Let q(n) = -3*n**3 + 24*n**2 + 10*n - 111. What is q(11)?
-1090
Let b(r) = 8*r + 265. Give b(-15).
145
Let r(x) = -4*x - 91. Calculate r(-19).
-15
Let t(h) = -240*h - 580. Give t(-2).
-100
Let q(w) = 44*w**2 + 177*w + 530. Give q(-3).
395
Let l(r) = -15*r - 593. What is l(-14)?
-383
Let g(y) = -y**3 + 5*y**2 + 49*y + 3. Give g(9).
120
Let g(d) = -d**3 - 26*d**2 - 42*d - 433. What is g(-25)?
-8
Let f(u) = u**3 + 34*u**2 - 75*u - 346. Give f(-36).
-238
Let w(v) = -10*v - 13. Determine w(3).
-43
Let t(p) = -p**2 + 1651*p - 8243. Calculate t(5).
-13
Let o(r) = -r**3 + 11*r**2 + 55*r + 73. Determine o(15).
-2
Let w(m) = m**3 + 16*m**2 - 55*m - 60. What is w(-21)?
-1110
Let o(d) = -2*d**2 + 206*d - 1863. What is o(10)?
-3
Let o(a) = 528*a + 561. Calculate o(-1).
33
Let i(y) = -87*y + 554. Give i(7).
-55
Let h(w) = 15*w + 1383. Determine h(-92).
3
Let x(m) = m**2 + 140*m - 7627. What is x(-182)?
17
Let q(k) = 209*k + 4381. What is q(-21)?
-8
Let c(d) = 64*d - 689. What is c(12)?
79
Let j(l) = -30*l - 340. Give j(-11).
-10
Let p(v) = -2*v**3 - 31*v**2 + 5*v + 299. Calculate p(-15).
-1
Let j(u) = -u**3 - 6*u**2 - 29*u - 145. Calculate j(-5).
-25
Let s(v) = 4*v**2 - 223*v + 774. Give s(52).
-6
Let r(l) = 301*l + 896. Calculate r(-3).
-7
Let s(q) = q**3 - 7*q**2 - 226*q + 10. What is s(-12)?
-14
Let c(a) = -103*a - 37. Give c(-1).
66
Let a(l) = l**3 - 69*l**2 - 228*l + 470. What is a(72)?
-394
Let s(b) = -189*b - 1693. Calculate s(-9).
8
Let p(w) = w**3 + w**2 - 5*w - 20. Determine p(-4).
-48
Let r(u) = u**2 - 62*u - 8846. Calculate r(-68).
-6
Let r(d) = -d**3 - 31*d**2 - 51*d + 201. Determine r(-29).
-2
Let i(p) = 5*p**2 - 24*p + 280. Determine i(13).
813
Let b(o) = -o**3 - 36*o**2 + 56*o - 107. Determine b(-37).
-810
Let j(i) = -3*i**2 + 70*i + 141. Calculate j(25).
16
Let d(p) = 2*p**2 - 499*p + 7912. Give d(17).
7
Let b(r) = 402*r - 8031. Determine b(20).
9
Let m(q) = -15*q**2 + 17*q + 37. Give m(-2).
-57
Let g(w) = -62*w + 5188. Calculate g(84).
-20
Let n(x) = -557*x + 561. What is n(1)?
4
Let b(k) = -k**3 - 93*k**2 - 8*k - 631. Calculate b(-93).
113
Let p(v) = 23*v - 433. Determine p(17).
-42
Let t(p) = p**3 + 5*p**2 + p - 2. Determine t(-4).
10
Let p(c) = -684*c + 109436. Calculate p(160).
-4
Let i(m) = -12*m**2 - 51*m + 5. What is i(-4)?
17
Let x(i) = 2354*i + 9461. Calculate x(-4).
45
Let n(o) = o**2 - 41*o + 1. Determine n(0).
1
Let m(b) = -2*b**2 + 21*b - 185. Calculate m(11).
-196
Let j(k) = k**2 + 59*k - 541. Give j(10).
149
Let c(a) = -a**3 - 4*a**2 - 25*a - 215. Determine c(-6).
7
Let g(w) = 4*w**3 - 23*w**2 - 34. Calculate g(6).
2
Let c(h) = -231*h - 558. Give c(-4).
366
Let o(u) = 2*u**2 - 1215*u - 8619. What is o(-7)?
-16
Let q(d) = 57*d - 5245. Give q(92).
-1
Let g(h) = h**3 + 6*h**2 + 15*h - 10. Determine g(-6).
-100
Let w(f) = f**2 + 48*f + 443. Determine w(-9).
92
Let c(f) = f**2 + 27*f - 12. Calculate c(-28).
16
Let u(t) = -2*t**2 - 15*t - 21. Give u(-9).
-48
Let g(w) = -w**3 - 9*w**2 - 4*w - 11. Calculate g(-4).
-75
Let n(u) = u**3 - u**2 - 352*u - 204. Determine n(-18).
-24
Let f(p) = -624*p + 34939. Calculate f(56).
-5
Let r(p) = 9*p + 415. What is r(-44)?
19
Let a(q) = 19*q - 1270. Give a(64).
-54
Let p(x) = 10*x - 193. Calculate p(-4).
-233
Let i(a) = -13*a**2 + 171*a - 35. Calculate i(13).
-9
Let z(o) = -2*o**3 - 257*o**2 - 143*o - 1682. Determine z(-128).
238
Let g(p) = 171*p - 2652. Give g(15).
-87
Let v(k) = 2093*k + 305570. What is v(-146)?
-8
Let o(m) = 101*m - 1544. Calculate o(14).
-130
Let d(q) = 397*q + 4. Give d(-1).
-393
Let r(b) = -4*b**3 + 24*b**2 + 11*b - 110. What is r(5)?
45
Let n(l) = l + 56. What is n(-25)?
31
Let o(l) = l**3 + 34*l**2 + 34*l + 39. What is o(-33)?
6
Let x(b) = 9*b + 233. Give x(-27).
-10
Let m(s) = 121*s - 13793. What is m(114)?
1
Let m(l) = 16*l + 395. Determine m(-62).
-597
Let p(x) = -11*x**2 + 982*x - 285. Give p(89).
-18
Let v(x) = x**3 - 12*x**2 - 66*x - 80. Calculate v(-7).
-549
Let q(p) = -31*p - 9. Calculate q(1).
-40
Let b(n) = 4*n**2 + 134*n - 20. What is b(-34)?
48
Let n(r) = -405*r - 4460. Determine n(-11).
-5
Let c(y) = 9*y**2 - 84*y - 2. What is c(9)?
-29
Let v(k) = -k**2 + 50*k - 265. Give v(47).
-124
Let b(c) = 56*c - 1405. Calculate b(27).
107
Let m(z) = -6*z**3 + 146*z**2 - 49*z + 26. What is m(24)?
2
Let b(p) = 89*p**2 - 533*p + 21. What is b(6)?
27
Let h(j) = -j - 76. Give h(31).
-107
Let x(l) = 477*l + 59154. Calculate x(-124).
6
Let s(a) = -a**2 + 26*a + 333. Determine s(35).
18
Let u(i) = 2*i**3 - 98*i**2 + 7*i - 316. Calculate u(49).
27
Let j(q) = 12950*q + 12956. Determine j(-1).
6
Let b(g) = 6118*g - 4. Calculate b(0).
-4
Let p(w) = 3*w**3 + 24*w**2 + 53*w + 207. What is p(-7)?
-17
Let q(s) = -518*s - 29003. Determine q(-56).
5
Let n(k) = -3*k**2 + 15*k + 27. Give n(5).
27
Let f(d) = -d**2 + 17*d + 52. What is f(-3)?
-8
Let c(h) = -h**3 - 22*h**2 + 981*h + 577. Give c(-44).
5
Let y(u) = u**3 - 15*u**2 - 19*u + 43. Determine y(16).
-5
Let h(q) = 21*q + 22. Give h(-1).
1
Let p(m) = -3*m**3 - 80*m**2 + 112*m + 3. Calculate p(-28).
3
Let u(l) = 11*l**2 - 53*l + 255. What is u(5)?
265
Let f(b) = 23*b**2 - 187*b - 181. Calculate f(9).
-1
Let g(p) = -p**3 + 32*p**2 + 649*p - 228. Determine g(46).
2
Let u(d) = -d**3 - 4*d**2 + 11*d + 73. Give u(4).
-11
Let c(i) = i**3 + 48*i**2 + 28*i - 899. Determine c(-47).
-6
Let i(f) = -39*f + 1532. Determine i(40).
-28
Let n(k) = -366*k + 2193. What is n(6)?
-3
Let s(w) = w**3 - w**2 - 21*w - 2. Calculate s(-4).
2
Let c(j) = -9192*j - 9204. Give c(-1).
-12
Let g(i) = 8*i**2 + 9*i - 17. Give g(2).
33
Let c(k) = -4*k + 182. Determine c(45).
2
Let g(m) = 2*m**3 - 68*m**2 + 82*m - 5325. What is g(35)?
-5
Let z(c) = -28*c - 6. Calculate z(7).
-202
Let s(r) = 2*r**2 + 49*r - 121. Determine s(-27).
14
Let h(q) = q**3 - 14*q**2 + 2*q + 201. Determine h(16).
745
Let h(l) = 171*l + 1124. Determine h(-6).
98
Let y(g) = -945*g - 2817. Calculate y(-3).
18
Let m(w) = 2*w**3 - 10*w**2 - 16*w + 30. Calculate m(5).
-50
Let s(c) = -c**2 - 174*c - 4. Determine s(0).
-4
Let b(c) = c**2 + 37*c - 476. Determine b(10).
-6
Let b(v) = -2*v**3 + 24*v**2 - 24*v - 7. Give b(10).
153
Let l(i) = 5*i**3 - 2*i**2 - 24*i - 5. Calculate l(-2).
-5
Let v(q) = -q**3 + 11*q**2 - 25*q - 16. What is v(7)?
5
Let d(v) = -v**3 + 30*v**2 - 77*v - 117. Calculate d(27).
-9
Let s(m) = -7*m**3 + 31*m**2 + 35*m - 46. Calculate s(5).
29
Let u(a) = -356*a - 12827. Calculate u(-36).
-11
Let o(q) = 3*q**2 + 460*q - 319. What is o(-154)?
-11
Let t(x) = x**3 + 11*x**2 + 4*x + 40. Give t(-11).
-4
Let b(s) = -s**3 - 42*s**2 - 84*s - 152. Give b(-40).
8
Let t(b) = b**3 - 4*b**2 - 80*b - 23. Determine t(11).
-56
Let f(g) = 3*g**2 + 144*g + 6. Give f(-48).
6
Let o(d) = 21*d + 573. Calculate o(-34).
-141
Let n(u) = 18*u**3 - u**2 - 2*u - 10. What is n(-2)?
-154
Let q(b) = -3*b**3 - 4*b**2 + 10*b - 8. What is q(3)?
-95
Let h(g) = -g**3 + 37*g**2 - 289*g + 1041. Give h(28).
5
Let r(z) = 366*z + 177. Calculate r(0).
177
Let i(j) = 3*j**2 + 5*j - 1. Calculate i(0).
-1
Let a(l) = -4*l**2 + 593*l - 17663. Determine a(107).
-8
Let j(i) = -i**2 + 26*i + 319. Give j(-9).
4
Let a(s) = 2*s**3 - 87*s**2 - 41*s - 95. What is a(44)?
37
Let f(a) = 2*a**2 + 22*a - 25. What is f(-6)?
-85
Let i(r) = r**3 - 28*r**2 - 50*r + 108. Give i(30).
408
Let b(y) = -112*y + 1395. Give b(13).
-61
Let x(t) = -7*t**2 - 17*t + 37. What is x(-5)?
-53
Let n(h) = -5*h**2 - 235*h + 382. Determine n(-48).
142
Let o(p) = p**3 - 28*p**2 - 61*p - 101. What is o(30)?
-131
Let b(h) = 72*h + 28. Give b(-1).
-44
Let w(q) = -q**3 + 6*q**2 + 15*q - 79. Determine w(7).
-23
Let y(q) = -q + 201. Calculate y(-71).
272
Let h(t) = 3*t**3 - 1164*t**2 + 1159*t + 781. Give h(38